{"id":15,"date":"2026-08-31T10:52:59","date_gmt":"2026-08-31T10:52:59","guid":{"rendered":"https:\/\/jarikarhu.fi\/?page_id=15"},"modified":"2026-09-02T06:47:18","modified_gmt":"2026-09-02T06:47:18","slug":"etusivu","status":"publish","type":"page","link":"https:\/\/jarikarhu.fi\/","title":{"rendered":"Etusivu"},"content":{"rendered":"\n<h2 class=\"wp-block-heading\">Eduskuntavaalit 2027<\/h2>\n\n\n\n<p class=\"wp-block-paragraph\"><em>T\u00e4h\u00e4n tulee Jarin vaaliviesti ja lyhyt esittely tulevista eduskuntavaaleista.<\/em> Ehk\u00e4 1\u20132 lyhytt\u00e4 kappaletta. Ei paljon enemp\u00e4\u00e4.<\/p>\n\n\n\n<h2 class=\"wp-block-heading\">Vaaliteemat<\/h2>\n\n\n\n<div class=\"wp-block-columns vaaliteemat-rivi is-layout-flex wp-container-core-columns-is-layout-995f960e wp-block-columns-is-layout-flex\">\n<div class=\"wp-block-column is-layout-flow wp-block-column-is-layout-flow\">\n<h4 class=\"wp-block-heading\">Tiet ja radat kuntoon<\/h4>\n\n\n\n<p class=\"wp-block-paragraph\">Toimivat tiet ja kulkuyhteydet ovat elinvoiman ja turvallisuuden perusta. Tiest\u00f6n kunnosta on huolehdittava niin kaupungeissa kuin maaseudullakin.<\/p>\n\n\n\n<div class=\"wp-block-buttons is-layout-flex wp-block-buttons-is-layout-flex\">\n<div class=\"wp-block-button\"><a class=\"wp-block-button__link has-background wp-element-button\" href=\"https:\/\/jarikarhu.fi\/?page_id=237\" style=\"background-color:#548a2f\">Lue lis\u00e4\u00e4&#8230;<\/a><\/div>\n<\/div>\n\n\n\n<p class=\"wp-block-paragraph\"><\/p>\n<\/div>\n\n\n\n<div class=\"wp-block-column is-layout-flow wp-block-column-is-layout-flow\">\n<h4 class=\"wp-block-heading\">Suomen metsist\u00e4 p\u00e4\u00e4tt\u00e4\u00e4 suomalaiset<\/h4>\n\n\n\n<p class=\"wp-block-paragraph\">Suomalaisten metsien k\u00e4yt\u00f6st\u00e4 ja hoidosta pit\u00e4\u00e4 voida p\u00e4\u00e4tt\u00e4\u00e4 Suomessa. Mets\u00e4t tarvitsevat aktiivista hoitoa ja p\u00e4\u00e4t\u00f6ksentekoon tarvitaan maalaisj\u00e4rke\u00e4.<\/p>\n\n\n\n<div class=\"wp-block-buttons is-layout-flex wp-block-buttons-is-layout-flex\">\n<div class=\"wp-block-button\"><a class=\"wp-block-button__link has-background wp-element-button\" href=\"https:\/\/jarikarhu.fi\/?page_id=239\" style=\"background-color:#548a2f\">Lue lis\u00e4\u00e4&#8230;<\/a><\/div>\n<\/div>\n\n\n\n<p class=\"wp-block-paragraph\"><\/p>\n<\/div>\n\n\n\n<div class=\"wp-block-column is-layout-flow wp-block-column-is-layout-flow\">\n<h4 class=\"wp-block-heading\">Huoltovarmuus ja omavaraisuus kunniaan<\/h4>\n\n\n\n<p class=\"wp-block-paragraph\">Suomen on huolehdittava omasta ruuantuotannostaan, energiastaan ja huoltovarmuudestaan. Kotimainen tuotanto vahvistaa turvallisuutta ja kriisinkest\u00e4vyytt\u00e4.<\/p>\n\n\n\n<div class=\"wp-block-buttons is-layout-flex wp-block-buttons-is-layout-flex\">\n<div class=\"wp-block-button\"><a class=\"wp-block-button__link has-background wp-element-button\" href=\"https:\/\/jarikarhu.fi\/?page_id=244\" style=\"background-color:#548a2f\">Lue lis\u00e4\u00e4&#8230;<\/a><\/div>\n<\/div>\n\n\n\n<p class=\"wp-block-paragraph\"><\/p>\n<\/div>\n<\/div>\n\n\n\n<h2 class=\"wp-block-heading\">Ajankohtaista<\/h2>\n\n\n<ul class=\"wp-block-latest-posts__list has-dates wp-block-latest-posts is-layout-flow wp-block-latest-posts-is-layout-flow\"><li><a class=\"wp-block-latest-posts__post-title\" href=\"https:\/\/jarikarhu.fi\/?p=181\">Mets\u00e4nhoito<\/a><time datetime=\"2026-09-01T08:26:30+00:00\" class=\"wp-block-latest-posts__post-date\">01.09.2026<\/time><div class=\"wp-block-latest-posts__post-excerpt\">Maalaisj\u00e4rke\u00e4 mets\u00e4nhoitoon, luonnon monimuotoisuuteen ja hiilensidontaan. Suomen mets\u00e4t kasvavat enemm\u00e4n kuin niit\u00e4 hakataan. Suomen metsien kasvu on vuosittain yli 100 miljoonaa kuutiometri\u00e4 vuodessa ja kasvu on tuplaantunut noin viidess\u00e4kymmeness\u00e4 vuodessa. Metsien hakkuut ja kokonaispoistuma on noin 70-90 miljoonaa kuutiometri\u00e4 vuodessa. T\u00e4m\u00e4 tarkoittaa, ett\u00e4 mets\u00e4varannot lis\u00e4\u00e4ntyv\u00e4t joka vuosi, ollen nyky\u00e4\u00e4n l\u00e4hes 2,5 miljardia kuutiota. Metsien hiilinielut\u2026 <a class=\"wp-block-latest-posts__read-more\" href=\"https:\/\/jarikarhu.fi\/?p=181\" rel=\"noopener\">Lue lis\u00e4\u00e4<span class=\"screen-reader-text\">: Mets\u00e4nhoito<\/span><\/a><\/div><\/li>\n<\/ul>\n\n\n<div class=\"wp-block-buttons is-layout-flex wp-block-buttons-is-layout-flex\">\n<div class=\"wp-block-button\"><a class=\"wp-block-button__link has-background wp-element-button\" href=\"https:\/\/jarikarhu.fi\/?page_id=26\" style=\"background-color:#548a2f\">Kaikki ajankohtaiset =&gt;<\/a><\/div>\n<\/div>\n\n\n\n<div class=\"wp-block-columns is-layout-flex wp-container-core-columns-is-layout-995f960e wp-block-columns-is-layout-flex\">\n<div class=\"wp-block-column is-layout-flow wp-block-column-is-layout-flow\">\n<h4 class=\"wp-block-heading\">Jari tavattavissa<\/h4>\n\n\n<h3 class=\"wp-block-events-manager__title\"><\/h3><div class=\"em pixelbones em-list-widget em-events-widget\"><p><strong><a href=\"https:\/\/jarikarhu.fi\/?event=jari-tavattavissa-lappeenrannassa\">Jari tavattavissa Lappeenrannassa<\/a><\/strong><br><br>\n12. maaliskuun 2027<br>\nklo 10:00 &#8211; 13:00 \u00b7 Kauppatori<\/p><p><strong><a href=\"https:\/\/jarikarhu.fi\/?event=jari-savitaipaleella\">Jari Savitaipaleella<\/a><\/strong><br><br>\n15. maaliskuun 2027<br>\nklo 12:00 &#8211; 14:00 \u00b7 <\/p><\/div>\n\n\n<div class=\"wp-block-buttons is-layout-flex wp-block-buttons-is-layout-flex\">\n<div class=\"wp-block-button\"><a class=\"wp-block-button__link has-background wp-element-button\" href=\"https:\/\/jarikarhu.fi\/?page_id=209\" style=\"background-color:#548a2f\">Katso tapahtumakalenteri =><\/a><\/div>\n<\/div>\n\n\n\n<p class=\"wp-block-paragraph\"><\/p>\n<\/div>\n\n\n\n<div class=\"wp-block-column is-layout-flow wp-block-column-is-layout-flow\">\n<h4 class=\"wp-block-heading\">Kuuntele Jarin uusin kommentti<\/h4>\n\n\n<ul class=\"wp-block-latest-posts__list wp-block-latest-posts is-layout-flow wp-block-latest-posts-is-layout-flow\"><li><div class=\"wp-block-latest-posts__featured-image\"><img loading=\"lazy\" decoding=\"async\" width=\"150\" height=\"150\" src=\"https:\/\/jarikarhu.fi\/wp-content\/uploads\/2026\/09\/artikkelikuva_metsa-150x150.jpg\" class=\"attachment-thumbnail size-thumbnail wp-post-image\" alt=\"\" style=\"\" \/><\/div><a class=\"wp-block-latest-posts__post-title\" href=\"https:\/\/jarikarhu.fi\/?p=186\">Mets\u00e4hoito<\/a><\/li>\n<\/ul>\n\n\n<div class=\"wp-block-buttons is-layout-flex wp-block-buttons-is-layout-flex\">\n<div class=\"wp-block-button\"><a class=\"wp-block-button__link has-background wp-element-button\" href=\"https:\/\/jarikarhu.fi\/?page_id=167\" style=\"background-color:#548a2f\">Kaikki Jarin kommentit =><\/a><\/div>\n<\/div>\n<\/div>\n<\/div>\n\n\n\n<p class=\"wp-block-paragraph\"><\/p>\n","protected":false},"excerpt":{"rendered":"<p>Eduskuntavaalit 2027 T\u00e4h\u00e4n tulee Jarin vaaliviesti ja lyhyt esittely tulevista eduskuntavaaleista. Ehk\u00e4 1\u20132 lyhytt\u00e4 kappaletta. Ei paljon enemp\u00e4\u00e4. Vaaliteemat Tiet ja radat kuntoon Toimivat tiet ja kulkuyhteydet ovat elinvoiman ja turvallisuuden perusta. Tiest\u00f6n kunnosta on huolehdittava niin kaupungeissa kuin maaseudullakin. Suomen metsist\u00e4 p\u00e4\u00e4tt\u00e4\u00e4 suomalaiset Suomalaisten metsien k\u00e4yt\u00f6st\u00e4 ja hoidosta pit\u00e4\u00e4 voida p\u00e4\u00e4tt\u00e4\u00e4 Suomessa. Mets\u00e4t tarvitsevat [&hellip;]<\/p>\n","protected":false},"author":1,"featured_media":0,"parent":0,"menu_order":0,"comment_status":"closed","ping_status":"closed","template":"","meta":{"footnotes":""},"class_list":["post-15","page","type-page","status-publish","hentry"],"blocksy_meta":{"styles_descriptor":{"styles":{"desktop":"","tablet":"","mobile":""},"google_fonts":[],"version":7},"has_hero_section":"disabled","page_structure_type":"default"},"_links":{"self":[{"href":"https:\/\/jarikarhu.fi\/index.php?rest_route=\/wp\/v2\/pages\/15","targetHints":{"allow":["GET"]}}],"collection":[{"href":"https:\/\/jarikarhu.fi\/index.php?rest_route=\/wp\/v2\/pages"}],"about":[{"href":"https:\/\/jarikarhu.fi\/index.php?rest_route=\/wp\/v2\/types\/page"}],"author":[{"embeddable":true,"href":"https:\/\/jarikarhu.fi\/index.php?rest_route=\/wp\/v2\/users\/1"}],"replies":[{"embeddable":true,"href":"https:\/\/jarikarhu.fi\/index.php?rest_route=%2Fwp%2Fv2%2Fcomments&post=15"}],"version-history":[{"count":66,"href":"https:\/\/jarikarhu.fi\/index.php?rest_route=\/wp\/v2\/pages\/15\/revisions"}],"predecessor-version":[{"id":334,"href":"https:\/\/jarikarhu.fi\/index.php?rest_route=\/wp\/v2\/pages\/15\/revisions\/334"}],"wp:attachment":[{"href":"https:\/\/jarikarhu.fi\/index.php?rest_route=%2Fwp%2Fv2%2Fmedia&parent=15"}],"curies":[{"name":"wp","href":"https:\/\/api.w.org\/{rel}","templated":true}]}}

<h2 class="wp-block-heading">Eduskuntavaalit 2027</h2>



<p class="wp-block-paragraph"><em>Tähän tulee Jarin vaaliviesti ja lyhyt esittely tulevista eduskuntavaaleista.</em> Ehkä 1–2 lyhyttä kappaletta. Ei paljon enempää.</p>



<h2 class="wp-block-heading">Vaaliteemat</h2>



<div class="wp-block-columns vaaliteemat-rivi is-layout-flex wp-container-core-columns-is-layout-995f960e wp-block-columns-is-layout-flex">
<div class="wp-block-column is-layout-flow wp-block-column-is-layout-flow">
<h4 class="wp-block-heading">Tiet ja radat kuntoon</h4>



<p class="wp-block-paragraph">Toimivat tiet ja kulkuyhteydet ovat elinvoiman ja turvallisuuden perusta. Tiestön kunnosta on huolehdittava niin kaupungeissa kuin maaseudullakin.</p>



<div class="wp-block-buttons is-layout-flex wp-block-buttons-is-layout-flex">
<div class="wp-block-button"><a class="wp-block-button__link has-background wp-element-button" href="https://jarikarhu.fi/?page_id=237" style="background-color:#548a2f">Lue lisää&#8230;</a></div>
</div>



<p class="wp-block-paragraph"></p>
</div>



<div class="wp-block-column is-layout-flow wp-block-column-is-layout-flow">
<h4 class="wp-block-heading">Suomen metsistä päättää suomalaiset</h4>



<p class="wp-block-paragraph">Suomalaisten metsien käytöstä ja hoidosta pitää voida päättää Suomessa. Metsät tarvitsevat aktiivista hoitoa ja päätöksentekoon tarvitaan maalaisjärkeä.</p>



<div class="wp-block-buttons is-layout-flex wp-block-buttons-is-layout-flex">
<div class="wp-block-button"><a class="wp-block-button__link has-background wp-element-button" href="https://jarikarhu.fi/?page_id=239" style="background-color:#548a2f">Lue lisää&#8230;</a></div>
</div>



<p class="wp-block-paragraph"></p>
</div>



<div class="wp-block-column is-layout-flow wp-block-column-is-layout-flow">
<h4 class="wp-block-heading">Huoltovarmuus ja omavaraisuus kunniaan</h4>



<p class="wp-block-paragraph">Suomen on huolehdittava omasta ruuantuotannostaan, energiastaan ja huoltovarmuudestaan. Kotimainen tuotanto vahvistaa turvallisuutta ja kriisinkestävyyttä.</p>



<div class="wp-block-buttons is-layout-flex wp-block-buttons-is-layout-flex">
<div class="wp-block-button"><a class="wp-block-button__link has-background wp-element-button" href="https://jarikarhu.fi/?page_id=244" style="background-color:#548a2f">Lue lisää&#8230;</a></div>
</div>



<p class="wp-block-paragraph"></p>
</div>
</div>



<h2 class="wp-block-heading">Ajankohtaista</h2>


<ul class="wp-block-latest-posts__list has-dates wp-block-latest-posts is-layout-flow wp-block-latest-posts-is-layout-flow"><li><a class="wp-block-latest-posts__post-title" href="https://jarikarhu.fi/?p=181">Metsänhoito</a><time datetime="2026-09-01T08:26:30+00:00" class="wp-block-latest-posts__post-date">01.09.2026</time><div class="wp-block-latest-posts__post-excerpt">Maalaisjärkeä metsänhoitoon, luonnon monimuotoisuuteen ja hiilensidontaan. Suomen metsät kasvavat enemmän kuin niitä hakataan. Suomen metsien kasvu on vuosittain yli 100 miljoonaa kuutiometriä vuodessa ja kasvu on tuplaantunut noin viidessäkymmenessä vuodessa. Metsien hakkuut ja kokonaispoistuma on noin 70-90 miljoonaa kuutiometriä vuodessa. Tämä tarkoittaa, että metsävarannot lisääntyvät joka vuosi, ollen nykyään lähes 2,5 miljardia kuutiota. Metsien hiilinielut… <a class="wp-block-latest-posts__read-more" href="https://jarikarhu.fi/?p=181" rel="noopener">Lue lisää<span class="screen-reader-text">: Metsänhoito</span></a></div></li>
</ul>


<div class="wp-block-buttons is-layout-flex wp-block-buttons-is-layout-flex">
<div class="wp-block-button"><a class="wp-block-button__link has-background wp-element-button" href="https://jarikarhu.fi/?page_id=26" style="background-color:#548a2f">Kaikki ajankohtaiset =&gt;</a></div>
</div>



<div class="wp-block-columns is-layout-flex wp-container-core-columns-is-layout-995f960e wp-block-columns-is-layout-flex">
<div class="wp-block-column is-layout-flow wp-block-column-is-layout-flow">
<h4 class="wp-block-heading">Jari tavattavissa</h4>


<h3 class="wp-block-events-manager__title"></h3><div class="em pixelbones em-list-widget em-events-widget"><p><strong><a href="https://jarikarhu.fi/?event=jari-tavattavissa-lappeenrannassa">Jari tavattavissa Lappeenrannassa</a></strong><br><br>
12. maaliskuun 2027<br>
klo 10:00 &#8211; 13:00 · Kauppatori</p><p><strong><a href="https://jarikarhu.fi/?event=jari-savitaipaleella">Jari Savitaipaleella</a></strong><br><br>
15. maaliskuun 2027<br>
klo 12:00 &#8211; 14:00 · </p></div>


<div class="wp-block-buttons is-layout-flex wp-block-buttons-is-layout-flex">
<div class="wp-block-button"><a class="wp-block-button__link has-background wp-element-button" href="https://jarikarhu.fi/?page_id=209" style="background-color:#548a2f">Katso tapahtumakalenteri =></a></div>
</div>



<p class="wp-block-paragraph"></p>
</div>



<div class="wp-block-column is-layout-flow wp-block-column-is-layout-flow">
<h4 class="wp-block-heading">Kuuntele Jarin uusin kommentti</h4>


<ul class="wp-block-latest-posts__list wp-block-latest-posts is-layout-flow wp-block-latest-posts-is-layout-flow"><li><div class="wp-block-latest-posts__featured-image"><img loading="lazy" decoding="async" width="150" height="150" src="https://jarikarhu.fi/wp-content/uploads/2026/09/artikkelikuva_metsa-150x150.jpg" class="attachment-thumbnail size-thumbnail wp-post-image" alt="" style="" /></div><a class="wp-block-latest-posts__post-title" href="https://jarikarhu.fi/?p=186">Metsähoito</a></li>
</ul>


<div class="wp-block-buttons is-layout-flex wp-block-buttons-is-layout-flex">
<div class="wp-block-button"><a class="wp-block-button__link has-background wp-element-button" href="https://jarikarhu.fi/?page_id=167" style="background-color:#548a2f">Kaikki Jarin kommentit =></a></div>
</div>
</div>
</div>



<p class="wp-block-paragraph"></p>

<p>Eduskuntavaalit 2027 Tähän tulee Jarin vaaliviesti ja lyhyt esittely tulevista eduskuntavaaleista. Ehkä 1–2 lyhyttä kappaletta. Ei paljon enempää. Vaaliteemat Tiet ja radat kuntoon Toimivat tiet ja kulkuyhteydet ovat elinvoiman ja turvallisuuden perusta. Tiestön kunnosta on huolehdittava niin kaupungeissa kuin maaseudullakin. Suomen metsistä päättää suomalaiset Suomalaisten metsien käytöstä ja hoidosta pitää voida päättää Suomessa. Metsät tarvitsevat [&hellip;]</p>
